 6603?
213
Calculate the highest common factor of 1819 and 2176.
17
Calculate the highest common factor of 7882 and 2828.
14
What is the highest common factor of 20 and 873100?
20
Calculate the highest common factor of 66 and 53680.
22
What is the greatest common factor of 6868 and 31916?
404
What is the greatest common divisor of 165128 and 16?
8
Calculate the greatest common divisor of 132696 and 180.
36
Calculate the highest common divisor of 25852 and 828.
92
Calculate the greatest common factor of 256 and 1855232.
256
Calculate the greatest common divisor of 1168 and 939364.
292
Calculate the highest common factor of 28136 and 64.
8
Calculate the greatest common divisor of 36 and 492.
12
Calculate the greatest common divisor of 364287 and 847.
77
What is the highest common factor of 76 and 15314?
38
Calculate the greatest common factor of 88 and 22847.
11
Calculate the highest common factor of 27 and 86967.
27
Calculate the greatest common divisor of 475 and 28519.
19
Calculate the highest common divisor of 372 and 2964.
12
What is the highest common factor of 4264 and 17576?
104
What is the greatest common divisor of 7372 and 12?
4
Calculate the greatest common factor of 57 and 753597.
57
What is the highest common divisor of 28 and 176484?
28
Calculate the highest common divisor of 2304 and 34048.
256
Calculate the greatest common factor of 2057754 and 282.
282
Calculate the greatest common factor of 7 and 2165996.
7
Calculate the highest common factor of 259 and 7357.
7
What is the highest common factor of 2000 and 85825?
25
Calculate the highest common divisor of 40135 and 13915.
115
Calculate the highest common factor of 4425909 and 123.
123
Calculate the highest common divisor of 1313 and 377.
13
What is the greatest common factor of 979 and 67373?
89
What is the greatest common factor of 5922 and 714?
42
What is the greatest common divisor of 590 and 32332?
118
What is the highest common factor of 22862 and 5474?
322
What is the greatest common divisor of 3213 and 273?
21
Calculate the highest common factor of 77 and 64666.
7
What is the highest common divisor of 1539636 and 252?
84
What is the greatest common divisor of 7598 and 2900?
58
Calculate the highest common divisor of 3102 and 550.
22
Calculate the greatest common divisor of 30 and 82090.
10
What is the greatest common divisor of 487200 and 60?
60
Calculate the greatest common factor of 30 and 17590.
10
What is the highest common factor of 24722 and 6862?
94
Calculate the greatest common factor of 15 and 149484.
3
What is the greatest common factor of 11571 and 696?
87
Calculate the greatest common divisor of 26 and 500942.
26
Calculate the greatest common factor of 553 and 21.
7
What is the highest common factor of 3718 and 57486?
286
Calculate the greatest common factor of 5847105 and 165.
165
What is the greatest common divisor of 5790 and 9?
3
What is the highest common divisor of 1660 and 49385?
415
Calculate the highest common divisor of 2282 and 51310.
14
What is the greatest common divisor of 225727 and 53?
53
Calculate the greatest common divisor of 84 and 74228.
28
What is the highest common factor of 130650 and 60?
30
Calculate the highest common factor of 11250 and 405.
45
What is the highest common divisor of 29 and 160399?
29
What is the highest common divisor of 39658 and 316?
158
Calculate the highest common divisor of 60792 and 3332.
68
What is the greatest common divisor of 261 and 33524?
29
Calculate the greatest common divisor of 48608 and 140.
28
What is the greatest common factor of 34011 and 99?
9
What is the greatest common factor of 21047 and 169?
13
What is the highest common divisor of 7360 and 896?
64
What is the highest common factor of 182 and 80136?
14
What is the greatest common divisor of 15001 and 889?
7
What is the highest common divisor of 1 and 794227?
1
What is the greatest common divisor of 1148 and 952?
28
What is the highest common factor of 53515 and 154?
77
Calculate the greatest common factor of 34174 and 56.
14
Calculate the highest common factor of 67308 and 158.
158
Calculate the greatest common divisor of 1313 and 633775.
101
Calculate the greatest common divisor of 243 and 31617.
27
Calculate the highest common factor of 35621 and 1393.
199
What is the highest common divisor of 77 and 5299?
7
Calculate the greatest common factor of 4044 and 120.
12
What is the highest common factor of 28182 and 732?
366
What is the greatest common divisor of 50 and 1926460?
10
Calculate the highest common divisor of 14 and 217476.
14
Calculate the greatest common divisor of 1920 and 16580.
20
What is the greatest common factor of 52577 and 1295?
259
Calculate the greatest common factor of 387 and 71208.
387
What is the greatest common factor of 7710493 and 196?
49
Calculate the highest common factor of 619907 and 403.
31
What is the greatest common divisor of 29359 and 11?
11
Calculate the highest common divisor of 228348 and 900.
36
What is the highest common divisor of 3047 and 9972?
277
Calculate the greatest common factor of 249258 and 174.
6
What is the highest common divisor of 152 and 122436?
76
What is the highest common divisor of 1188 and 114912?
108
Calculate the highest common divisor of 201181 and 69.
23
What is the greatest common factor of 15470 and 770?
70
Calculate the highest common factor of 579128 and 308.
44
What is the highest common divisor of 390925 and 855?
95
Calculate the highest common divisor of 96 and 44712.
24
What is the highest common factor of 2769 and 4173?
39
Calculate the greatest common divisor of 4858 and 6286.
14
Calculate the greatest common factor of 63 and 447867.
63
What is the greatest common factor of 3267 and 21?
3
Calculate the greatest common factor of 649 and 96569.
11
What is the highest common divisor of 200 and 335780?
20
Calculate the highest common factor of 2167 and 4531.
197
Calculate the highest common divisor of 1053 and 1209.
39
Calculate the highest common divisor of 135055 and 5.
5
Calculate the highest common factor of 13459 and 5031.
43
What is the greatest common factor of 36435 and 735?
105
What is the greatest common factor of 53328 and 25344?
528
What is the highest common divisor of 5126 and 11650?
466
Calculate the highest common factor of 61753 and 37.
37
What is the greatest common divisor of 37 and 3370663?
37
Calculate the highest common divisor of 11455 and 2900.
145
What is the greatest common factor of 10187028 and 54?
18
Calculate the highest common divisor of 3995 and 31725.
235
Calculate the greatest common divisor of 81519 and 174.
87
What is the highest common divisor of 26 and 490737?
13
What is the greatest common divisor of 361 and 4009?
19
What is the greatest common factor of 120 and 10434?
6
What is the greatest common divisor of 162 and 1722?
6
What is the greatest common factor of 336 and 17031?
21
Calculate the greatest common factor of 126 and 635698.
14
Calculate the highest common divisor of 1080976 and 104.
104
Calculate the highest common divisor of 292 and 739052.
292
Calculate the highest common factor of 88 and 4568.
8
What is the highest common factor of 68 and 125426?
34
Calculate the greatest common factor of 28322 and 343.
49
Calculate the greatest common factor of 642 and 621884.
214
What is the greatest common factor of 49005 and 3645?
405
What is the highest common divisor of 289886 and 1158?
386
Calculate the highest common factor of 7944 and 8606.
662
What is the highest common factor of 4209 and 579?
3
Calculate the greatest common divisor of 17 and 387515.
17
Calculate the highest common factor of 788 and 4178764.
788
What is the greatest common factor of 16642 and 2669?
157
Calculate the greatest common factor of 29 and 925.
1
Calculate the highest common divisor of 9648 and 1233.
9
What is the highest common divisor of 9207 and 24453?
99
Calculate the greatest common divisor of 558 and 75609.
279
Calculate the highest common divisor of 76726 and 4086.
454
What is the highest common factor of 8697 and 4056?
39
Calculate the greatest common factor of 544 and 2550.
34
What is the highest common divisor of 648 and 276?
12
What is the greatest common divisor of 611962 and 52?
26
What is the highest common factor of 2867 and 423?
4